- t. Is t composite?
False
Let g(j) = -j**3 + 3*j**2 + 4*j - 2. Let t(c) = c**2 + c - 1. Let s(x) = -g(x) + 5*t(x). Is s(4) composite?
False
Let b(k) = -162*k - 7. Is b(-3) a composite number?
False
Let t be -1 + (-3)/((-9)/12). Suppose 0*x = t*x - 9. Suppose 0*s = -s - x*b, -3*b - 9 = -2*s. Is s a prime number?
True
Is 1316/6 + (-12)/36 a prime number?
False
Suppose z + z = 4. Suppose -3*i + 385 = z*i. Is i a prime number?
False
Let y(d) = -2*d**3 - 2*d**2 + d + 7. Let l be y(-6). Let u = l + -212. Suppose 0 = f + 3*f - c - u, -3*c = 3. Is f a composite number?
False
Let j be (11 + 0)*(0 - -1). Suppose 0 = -5*l - j + 26. Suppose -111 = -0*t - l*t. Is t prime?
True
Suppose 0*d - 150 = -2*d + 4*b, 6 = 3*b. Is d a prime number?
True
Let c(r) = 128*r - 1. Let b(k) be the second derivative of -k**4/12 + 2*k**3/3 - k**2 - 2*k. Let y be b(3). Is c(y) composite?
False
Let z(g) = -g**2 + 5*g - 4. Let t be z(4). Suppose -30 = -t*u - 3*u - 3*a, 2*u - 20 = 4*a. Is u a composite number?
True
Let h(g) = 1 - 2*g - 7 + 2 - 3. Let t be h(-5). Suppose p = t*i + 2*i - 31, 5*p + 11 = i. Is i a prime number?
False
Let v = -83 + 286. Is v prime?
False
Let o(x) = 3*x + 5*x + 27*x + 6. Let z be o(6). Let g = z + -137. Is g prime?
True
Is (-2)/(-6)*5514/4*6 composite?
True
Suppose 2*a + 12 + 0 = 0. Let f = a - -11. Suppose 4*o - t = f*o - 33, 0 = -4*o - t + 132. Is o a composite number?
True
Suppose 0 = -2*v - 0*v + 28. Let p = v - 4. Is 0 + 1/(1/p) a prime number?
False
Let k(n) = n**2 + 7*n - 3. Let j be k(-6). Let m = -7 - j. Suppose -y + 4 + m = 0. Is y a prime number?
False
Let j = 22 + -77. Is -3 + 1 - j/1 a composite number?
False
Let r = 99 + -14. Is r/(2/(4/2)) prime?
False
Suppose -2*g + 1255 = -1203. Is g a composite number?
False
Let l = 3 - 5. Is l/(-7) + (-3940)/(-28) composite?
True
Let c be 4/20 - 38/(-10). Suppose 3*o + 2*u = o + 52, -c*u - 82 = -2*o. Is o a composite number?
False
Suppose -24 = -4*d - 0*d. Let w = d + 47. Is w composite?
False
Let q(d) = -2*d**3 - d**2 - 1 + 4*d**3 + 5 - 2. Is q(2) a composite number?
True
Let t = 222 + -151. Suppose m - h - 171 = 0, 0*h - 3*h = -4*m + 681. Let a = m - t. Is a a prime number?
True
Let q be -3 - -5 - -1*2. Is 526/6 + q/(-6) a composite number?
True
Let z(u) be the third derivative of u**5/60 + 5*u**4/24 - 2*u**3/3 + 2*u**2. Let r be z(4). Let p = r - -6. Is p composite?
True
Let d(a) = a**3 + 3*a**2 + a + 4. Let i = 2 - 5. Let r be d(i). Is 2/(-2) - (r + -53) a prime number?
False
Suppose 7*o - 514 = 5*o. Is o composite?
False
Suppose -85 = -u - 367. Let p(m) = -2*m**3 - 2*m**2 - 2. Let h be p(-2). Is ((-2)/h)/(2/u) composite?
False
Suppose 2*c - 2*b - 98 = 0, 5*b - 140 = -3*c + b. Let k = 103 - c. Is k a composite number?
True
Let m be (-6)/15*(-235 + 0). Suppose s + 17 = 5*c - c, 2*s - 26 = -4*c. Suppose m = c*y - 291. Is y prime?
False
Let k = -232 + 1085. Is k composite?
False
Let x(k) = -2*k + 2*k**3 - 1 - 6 - 6 + 0*k**3 - 3*k**2. Is x(6) prime?
False
Suppose 14*h - 293 = 13*h. Is h a prime number?
True
Suppose -3*l = -330 - 1593. Is l a composite number?
False
Suppose 970 = g + g. Is g prime?
False
Suppose 0 = -3*k + 3572 + 1366. Let u = k - 1005. Is u composite?
False
Suppose 0*i + 3 = i. Is (2 + 65)*9/i prime?
False
Let o = -77 + 136. Suppose r = -2*m + 5*m + o, 3*r - 2*m = 191. Is r composite?
True
Let m(y) = 20*y + 2. Is m(4) a composite number?
True
Let l(m) = -124*m + 27. Is l(-6) composite?
True
Suppose 9*u - 35 = 4*u. Let m = 3 - u. Let r(l) = l**2 + 2*l + 1. Is r(m) composite?
True
Is (-180)/54*(-354)/4 a composite number?
True
Let u(g) = g**3 - 3*g**2 + 3*g - 2. Let q(r) = -r**3 + 3*r**2 - 4*r + 1. Let p(h) = 3*q(h) + 2*u(h). Let w be p(-5). Let o = -162 + w. Is o a prime number?
True
Let q(s) = s**3 - s. Let d(x) = x**3 - 12*x**2 - 11*x - 2. Let n(k) = d(k) - 2*q(k). Is n(-12) a prime number?
False
Let k(g) = -g**2 - g + 293. Suppose -2*j + j = 0. Is k(j) composite?
False
Let g = 3 + -2. Let d be g + 2 + -2 - 0. Let a(b) = 12*b**3 + b. Is a(d) composite?
False
Suppose -5 - 1 = -2*n. Suppose 5*v = n*l - 6*l + 1960, 2*l - 1177 = -3*v. Suppose 2*k - v = 45. Is k composite?
True
Is (5 - 17/3)/((-2)/1203) a prime number?
True
Suppose -3*g + 12 + 0 = 0, g = -2*q + 118. Is q a composite number?
True
Let c(k) = k**3 - 2*k**2 - 1. Let f be c(4). Suppose -3*z + 3*d + f = -7*z, 4 = 4*z - 4*d. Is ((-2)/3)/(z/354) a prime number?
True
Suppose 541 = 7*k - 1692. Is k prime?
False
Let b be 1/((-2)/(-1 - -263)). Let r = 239 - b. Suppose -r = -4*n - 5*m, 0 = -4*n - 2*m + 5*m + 386. Is n a prime number?
False
Suppose -j + 186 = -3*s, 507 - 113 = 2*j + 5*s. Let q be 0/(-3) + 3 + j. Suppose 0 = -6*c + c + q. Is c a composite number?
True
Suppose -1 = 2*f - 5. Suppose -4 - 4 = -2*v. Suppose 19 = -v*c - f*b + 67, b - 14 = -c. Is c prime?
False
Let b be (3 + -1 - 3) + -21. Let h = b + 299. Is h prime?
True
Suppose 0 = -7*t + 3*t - 16. Let m be 1 - (-6)/t*-4. Suppose 2*a - 3*g = 93, -m = -a - 4*g + 12. Is a composite?
True
Let m = 129 + -90. Is m prime?
False
Suppose -19 - 1 = -4*b. Suppose 0 = b*c - 9 - 1. Is (-2)/((-4)/70) - c a composite number?
True
Suppose h = 5*q - 2*h - 125, h = 2*q - 50. Is q a prime number?
False
Let q = 1199 - 626. Suppose 7*c = 4*c + q. Is c a composite number?
False
Let y be (2 - 2) + 0 + 12. Let p = -5 + y. Is p a composite number?
False
Suppose -201 = -3*b - 0*b. Is b composite?
False
Suppose -33 = -2*f + 97. Is f a composite number?
True
Suppose 5*u - 6 = 2*u. Suppose 89 = 3*j - 5*y, -u = 3*y + 1. Let n = j + 9. Is n prime?
True
Let o be (8 - 0)/(1/(-10)). Let n = 207 + o. Is n prime?
True
Let f(w) be the third derivative of 7*w**6/120 - w**5/60 + w**4/8 - w**3/2 + 2*w**2. Is f(2) prime?
False
Is (0 + (-5)/(-2))/((-2)/(-556)) a composite number?
True
Let k be (-12)/27*6*-3. Is (-1197)/(-4) + k/(-32) composite?
True
Let q = 18 + -11. Let b(w) = 5*w - 5. Let z be b(q). Is -34*(z/(-4))/5 a composite number?
True
Suppose 4*m = 18 + 78. Suppose y + y + m = 0. Is 4/y - (-94)/3 prime?
True
Let v be 7 + 1 + -2 - 2. Let m = v + 0. Suppose 5*a = l + 32, -a + 9 = 2*a - m*l. Is a a composite number?
False
Suppose 0 = 2*u - u. Is 4 - -553 - (0 + u) prime?
True
Is 1 - 1/4 - 48968/(-32) prime?
True
Let z be (-3)/(-5) + (-66)/(-15). Suppose 0 = z*s + 2*o - 5*o - 176, 0 = 4*o - 12. Is s prime?
True
Suppose -4*a - 23 = i, -3*i + 0*a + 5*a = -16. Let d(p) = 14*p + 20. Let o(v) = 5*v + 7. Let q(j) = 6*d(j) - 17*o(j). Is q(i) a prime number?
False
Suppose 0 = 2*t - t - 4. Suppose -t*u + 0*u = -388. Is u a prime number?
True
Let z be (-617)/(-5) + 2/(-5). Suppose -3*i + t + 104 + z = 0, t = 2*i - 151. Suppose -95 = -7*v + 2*v + m, -3*m - i = -4*v. Is v a composite number?
False
Suppose -8564 - 2218 = -6*d. Is d a prime number?
False
Let l(k) = -2*k**2 - 4*k - 5. Let p(o) = -o + 1. Let m(b) = -l(b) + 5*p(b). Is m(-8) a composite number?
True
Let d(f) = 5*f + 1. Let v be d(1). Let a be 3/9 + 4/v. Let l = a + 2. Is l a prime number?
True
Let t(b) = 2*b - 4. Let x be t(3). Let g(u) = 62*u + 1. Let o(v) = 185*v + 2. Let q(h) = -11*g(h) + 4*o(h). Is q(x) a composite number?
False
Let a(c) = -1 - 3*c - 6*c + 5*c**2 + 4*c + c. Is a(8) prime?
False
Suppose 5*l + 4*c = 60, -2*l = -5*l - 2*c + 38. Let k be -8*6*(-2)/l. Let q = 10 - k. Is q prime?
False
Suppose 0 = 5*q - 0*q + 5*c - 20, -3*q = 2*c - 11. Suppose 7 = -q*j - 71. Let f = 97 + j. Is f prime?
True
Is 1/13*-2 + (-42399)/(-39) a prime number?
True
Let m(y) = 3*y + 4. Let o be m(10). Suppose q + o - 123 = 0. Is q a prime number?
True
Let u(b) be the first derivative of 5/3*b**3 + 2 + 0*b - 1/2*b**2. Is u(-1) prime?
False
Let b(y) = -y**3 + 6*y**2 - 3*y - 6. Let m be b(5). Suppose m*h = -4 + 16. Let j(x) = -x**3 + 5*x**2 - x + 4. Is j(h) a composite number?
False
Is 48/(-64) - 447/(-4) composite?
True
Let m(d) = -17*d - 7. Let q(o) = -o**3 + 2*o**2 + o - 1. Let f be q(2). Let p = -7 + f. Is m(p) a composite number?
True
Let k(w) = -17*w**2 - w. Let b be k(-1). Is ((-24)/b)/((-6)/(-148)) composite?
False
Let g(f) = -5*f + 3. Let z be g(2). Is (-2 - 23*z) + 2 a prime number?
False
Let i = 67 + -36. Is i a prime number?
True
Is 2*(-1)/4*-502 prime?
True
Suppose 19370 = 27*p - 22*p. Is (-3)/7 - p/(-7) composite?
True
Suppose 2*a + 3*u = 4193, -a + 591 